5).
5
Let b(d) = -2*d + 2. Let l be b(-2). Suppose 0*i = 3*i - l. Let u(r) be the third derivative of r**5/60 - r**4/6 + r**3/3 + 5*r**2 + 391*r + 1. Calculate u(i).
-2
Suppose -6 = -x, -3*a = -4*a + 3*x - 22. Let o(g) = -12*g - 51. What is o(a)?
-3
Let i(k) = -3*k**2 + 11*k - 7. Suppose -7*b = 4*j - 33, 63*b - 4*j + 9 = 62*b. Give i(b).
-1
Suppose -5*x + 44 = 5*z + 894, -2*x - 337 = 5*z. Let q = x - -166. Let n(d) be the first derivative of d**4/4 + 5*d**3/3 - 3*d**2/2 - 2*d + 1. Calculate n(q).
13
Let u(v) = 1 + v**3 - 6*v**3 + 4*v**3 + 0*v**3 - 2*v. Suppose -3*l + 16 = l. Let x be (6/12)/(2/l). Give u(x).
-2
Suppose 77*t = 73*t + 700. Let m = 170 - t. Let l(d) = 3*d - 3. Calculate l(m).
-18
Let n(w) = 9*w - 39. Let m be n(5). Suppose -10*v + 14 = -m. Let a(h) = h + 1 + h - 2*h - v*h. Determine a(-2).
5
Let l be 2*(-12)/9*-3. Suppose 3*h - l*h + 25 = 0. Let s(g) = -14*g**2 + 6*g - 6*g**2 + h + 26*g**2 - 7*g**2. Determine s(6).
5
Let c(u) = 14*u**2 - 11*u + 5. Let y(l) = 14*l**2 - 10*l + 4. Let g(b) = 5*c(b) - 6*y(b). Let j(x) = 5*x**2 - 2*x. Let k(p) = 4*g(p) + 11*j(p). Determine k(-3).
1
Let i(w) = -23*w + 288. Let g be (3/6)/((-106)/(-240) + (-34)/85). Calculate i(g).
12
Let o(x) = 12*x**2 - 2. Let k = -6870 - -6872. Calculate o(k).
46
Let h(n) = -n**3 + 2*n**2 + 4*n + 1. Let p(i) = -134*i + 1613. Let l be p(12). Give h(l).
-54
Let s(d) = -69*d**2 - 76*d**2 + 2*d + 281*d**2 + 10 + d**3 - 142*d**2. What is s(6)?
22
Let g(p) = -5*p. Let c(m) = 34*m + 161. Let f be c(-11). Let h = f - -212. Calculate g(h).
5
Let c(b) = -19*b - 23. Let p(h) = -12*h - 15. Let q(n) = 5*c(n) - 8*p(n). Give q(-7).
-2
Let t(v) be the first derivative of v**3/3 - 6*v - 580. What is t(0)?
-6
Let c be 957/88 - (-2)/16. Let j = -4 + c. Let u(v) be the second derivative of -v**3/6 + 3*v**2/2 + 1101*v. Calculate u(j).
-4
Suppose 0 = -6*z + 285 + 327. Suppose -5*x - z = 153. Let h = 57 + x. Let i(p) = 2*p**2 - 10*p + 9. Give i(h).
21
Let i(p) = -p. Let q(s) = -s**2 - 2*s - 3. Let o(t) = -2*i(t) + q(t). Let a = -824 - -366. Let x = -458 - a. Give o(x).
-3
Suppose 0 = -8*v - 90 - 70. Let j be 4/v*70/(-2). Let f(c) = c**2 - 1. Let b(k) = 4*k**2 + 7*k - 9. Let w(d) = b(d) - 5*f(d). Give w(j).
-4
Let z(x) = x**2 - 15*x + 14. Let q be z(14). Let w(t) = 17 - 2 + 15 - t - 76 + 8. Give w(q).
-38
Let a(g) be the first derivative of -g - 88 + 19/2*g**2. Calculate a(1).
18
Suppose -4*d = h - 7 + 1, 5*h = -5*d + 30. Let g(z) = 1 + 5*z - 2 - h*z**3 - 3*z. Suppose -38 = -186*a + 109 + 39. Determine g(a).
-5
Let f be -84 - -3*(-2)/(-3). Let c = -74 - f. Let h(x) be the second derivative of -x**4/12 + 5*x**3/3 - 2*x**2 + 8*x + 2. Give h(c).
12
Let m(j) = 3*j + 87. Let f(x) = x + 32. Let t(q) = 2*f(q) - m(q). Determine t(0).
-23
Let j(o) = o**3 - 57*o**2 - 143*o + 4927. Let q be j(58). Let z(a) = 23*a**2 + 69*a + 4. Calculate z(q).
4
Let s(i) = 19*i**2 + 1. Suppose 3*q - 11 = 4, 2*b = -5*q + 27. Suppose b = -7*t + 8*t. Determine s(t).
20
Let w(d) = -16*d**2 + 112*d - 74. Let a(q) = 3*q**2 + 9. Let x(y) = 8*a(y) + w(y). What is x(-14)?
-2
Let x be (-4)/(-5)*(-25)/(-5). Let p(m) = 1 - x*m**2 + 0*m**2 + 4*m**2 - 3*m**2. Suppose 11*q = -22 + 11. Determine p(q).
-2
Let q(d) = -4*d + 9. Let x(p) = -p. Let z = -60 - -61. Let l(j) = z*q(j) - 5*x(j). Give l(-13).
-4
Let x(g) = 108*g**2 - 51*g**2 + 52*g - 29*g - 55*g**2 + 7. What is x(-11)?
-4
Let g(d) be the second derivative of d**4/24 + 5*d**3/3 - 7*d**2 + 7*d + 10. Let p(t) be the first derivative of g(t). Calculate p(-8).
2
Let i be 4386/(-918) - (7/(-9) - -1). Let x(g) be the second derivative of -g**2 - 1/6*g**3 - 6*g + 0. Give x(i).
3
Let t(i) = 28*i**3 + 87*i**2 + 71*i + 77. Let u(g) = -5*g**3 - 17*g**2 - 14*g - 16. Let c(l) = 2*t(l) + 11*u(l). Determine c(14).
6
Let i(u) = 8*u - 4. Let j(h) = 15*h - 7. Let r(v) = -7*i(v) + 4*j(v). Suppose -t - 2*t - 885 = 0. Let y = 291 + t. Determine r(y).
-16
Let k(v) = -12*v**2 + 48*v**2 + 28 + 45*v**2 + 36*v - 15*v - 79*v**2. Calculate k(-9).
1
Let y(o) = o + 5. Let b be -5 + 1 + 1 - -24. Let x(k) = 10 - 2*k + 2 - b. Let m be x(-7). Determine y(m).
10
Let j(q) = 11*q**3 - 21*q**2 - 2*q - 1. Let c(t) = t**3 - 147*t + 2. Let m be c(0). Calculate j(m).
-1
Suppose 5*m + 36 = 2*w, -382*w + 387*w = 4*m + 39. Let r(x) = 2*x + 14. Give r(m).
2
Let w(v) = 6*v**2 - 1. Let c = -619 + 1186. Let y = -568 + c. Calculate w(y).
5
Let q be ((-54)/(-4))/3*(-764)/573. Let x(r) = -6*r - 12. Give x(q).
24
Let g(a) be the third derivative of -a**6/120 - a**5/60 - a**4/8 + 2*a**3/3 + 3*a**2 + 203*a. Give g(2).
-14
Let m(b) = -7*b**2 - 42*b - 787. Let d(w) = -7*w**2 - 41*w - 622. Let p(s) = -5*d(s) + 4*m(s). Calculate p(1).
6
Suppose 0 = 2*p + 316 - 378. Suppose -66 = -7*n - p. Let b(s) = -2*s - 1. Calculate b(n).
-11
Let g(y) = -5 - 8 - 5*y**2 + 2*y + y**3 - 4*y. Let h(q) = 4*q**3 - 23*q**2 - 16*q + 66. Let w be h(6). Determine g(w).
11
Let k be (-1)/4 - (-671)/44. Suppose -2*t + k + 25 = 4*h, -2*h + 6 = 0. Let y(v) = -v**2 + 16*v - 23. Calculate y(t).
5
Let l be 35/((-280)/48) - (-1442)/240. Let a(h) be the third derivative of -1/20*h**5 - 9*h**2 + 0 - 1/12*h**4 - 1/6*h**3 + 0*h + l*h**6. Give a(4).
7
Let s = -15461 + 15454. Let j(q) = -q**3 - 8*q**2 - 3*q - 12. Determine j(s).
-40
Let s(i) = 2*i**2 + 3*i - 4. Suppose x - 6 = -p, 17 = -3*x + 7*x - 3*p. Suppose 0 = -4*c + 4*n + 12, 0 = -2*c - x*n - 10 + 9. What is s(c)?
10
Let s(j) be the second derivative of j**5/20 - 3*j**4/2 - 23*j**3/6 + 33*j**2 + 2261*j. Determine s(19).
-10
Let o(y) = 6*y**2 - 21*y + 9. Suppose i - 173 = -168. Let k(l) = -5*l**2 + 19*l - 9. Let f(n) = i*k(n) + 4*o(n). Calculate f(7).
19
Let p(f) = f**3 - 10*f**2 - 36*f - 41. Let l(y) = -2*y**3 - 99*y**2 + 53*y + 163. Let s be l(-50). Give p(s).
-2
Let k(s) = s + 4. Suppose -4*d + 21 = -3. Suppose d = 8*w - 14*w. Let f be (-2 - (-1 + w))*(-7)/(-14). Determine k(f).
4
Let h(d) = -4*d**2 - 2*d - 2. Suppose 5*u + 4*w - 204 = u, 157 = 3*u + 2*w. Suppose u*t - 20 = 50*t. Suppose t*i + 18 = -5*i. What is h(i)?
-14
Suppose -14 = -3*l - f, -16*f - 4 = 2*l - 12*f. Suppose l*b - 2 = 5*b, 2*b - 10 = -p. Let k(h) = -h**2 + 2*h + 12. Give k(p).
-12
Let z(k) = -k**3 - k**2 - 9*k - 11. Let p be z(-2). Suppose 0 = 12*i - p - 25. Let q(r) = -2*r + 4. What is q(i)?
-2
Let p(a) = a**2 - 120*a - 373. Let r be p(123). Let t(u) = 2*u**3 + 7*u**2 + 7*u + 3. What is t(r)?
-41
Let l be (-5221)/(-454) + (1 - 7/2). Let f(a) = -12*a + 111. What is f(l)?
3
Let d(o) be the third derivative of -o**6/60 + 7*o**5/30 - o**4/3 + 7*o**3/6 + 279*o**2 + 4*o. What is d(6)?
31
Let p(y) = 2 - 17*y + 4*y**2 - 3*y**3 + 14*y + 4*y**3. Suppose 0*q = 12*q + 48. Calculate p(q).
14
Let q(f) = f**3 + 10*f**2 - 10*f - 8. Let b(y) = -5*y - 186. Let d be b(-35). Determine q(d).
-19
Let f(k) be the first derivative of k**3/3 - 35*k**2/2 + 48*k - 784. Calculate f(34).
14
Let h(j) be the first derivative of j**4/4 + j**2/2 - j - 9. Let y(f) = 2*f**2 + f. Let b be y(1). Suppose 6 = -t + b*w, 8 = -5*t + t + 4*w. What is h(t)?
-1
Let z = -1323 + 1325. Suppose 0 = -4*q - 4 + 32. Let c(i) = -14 + i**3 + 4*i + i**2 - z*i**2 + 12 - q*i. Determine c(3).
7
Suppose -f + 526 + 277 = 4*a, 3*a - 591 = -3*f. Let s = -202 + a. Let m(d) be the first derivative of d**2/2 + d + 1. What is m(s)?
1
Let o(n) = n**3 + 7*n**2 + 3*n - 4. Suppose 0 = 110*i + 23*i + 266. What is o(i)?
10
Let l = 2063 - 2073. Let h(x) = x**2 + 9*x + 43. Give h(l).
53
Let z(x) = x**2 - 6*x - 4. Let m be z(6). Let k be 6*(m/15)/((-12)/(-30)). Let w be 7 + (-3)/(3 + 6/k). Let y(o) = -o + 3. Determine y(w).
-2
Let l(v) be the third derivative of v**7/1260 - v**6/720 + 7*v**5/60 - v**3/6 - 35*v**2. Let r(y) be the third derivative of l(y). Calculate r(5).
19
Let a(f) = -f**3 - 11*f**2 - 9*f - 13. Suppose 3*h + 4*n = 652, 73 = 5*h - 5*n - 1037. Suppose 26*s = 4*s - h. Determine a(s).
-23
Let p(i) = -5*i - 13. Let j be p(-13). Let r(u) = -j*u + 21 - 53*u + 16*u**2 + 158*u + u**3 - 69*u. Calculate r(-17).
4
Let o = -14 - -19. Let g(z) = -2*z**3 + 10*z**2 + 5*z - 9. Let u be g(o). Let t = u + -8. Let q(n) = -2*n + 8. What is q(t)?
-8
Let c = -4 + 8. Let f(o) = -o + 1. Let t(l) = 5*l - 5. Let w(q) = -30*f(q) - 5*t(q). Determine w(c).
15
Let w(z) = 15 + 22*z - z**2 + 12*z - 10 + 20 - 42*z. Give w(3).
-8
Su